1
What is the value of 5 + 2 - (-496 + 509)?
-6
What is the value of (-41 - -42) + -4 + 31 + 0?
28
What is the value of -20 - -2 - (-2 - (-1 + 3) - -1)?
-15
Calculate -14 - 1 - (-49 - (64 + -79)).
19
Calculate -8 + (-2 + 7 - (1 + 7) - -21).
10
What is 12 - (-4 + 6) - (2 - -2)?
6
Evaluate 3 + (-22 - (26 + -59)).
14
What is the value of -10 - 2 - (-72 + (-44 - -71))?
33
What is the value of 15 + -1 - (-12 - -9 - (-3 + -5))?
9
Calculate 15 - (10 + 1) - (1 - -2 - 1).
2
Calculate 0 - ((-13 - -2) + 4) - (19 - -2).
-14
-31 - (-64 + 14) - (2 + 1 - 2)
18
Calculate -15 + 15 + 13 + -26 + 11.
-2
Evaluate -4 - (5 - (2 + 5) - -5).
-7
Evaluate -29 + 43 + -14 + (1 - 0).
1
9 + (-3 - 5 - 3 - 5)
-7
Calculate 0 - 3 - (-24 + 30 + (-4 - 2)).
-3
What is (-5 - (3 - 5)) + -2 - (27 + -55)?
23
What is the value of -14 + -45 + 14 + 48?
3
What is the value of -7 - (70 - (39 - -2))?
-36
What is the value of 4 - (12 + 13 + -24)?
3
-3 + 5 + -10 + 64 + -55
1
What is the value of (155 - 183) + (-3 - -16)?
-15
What is the value of -1 + -10 + 5 + (0 - 5) + 3?
-8
What is (-3 - (9 - 20)) + -9?
-1
Calculate 10 - (19 - 2 - (16 + -8)).
1
What is the value of 16 + (-6 - -11) - 17?
4
Evaluate -1 - (7 + -16 - -25).
-17
Calculate (-7 - (-20 + 7 - -9)) + 0.
-3
What is the value of -5 - (-17 - -17 - 2)?
-3
What is 17 + (-5 - (7 - 7)) + -1?
11
Calculate 7 + (7 - (1 - (-5 + 7))) - -8.
23
What is (-15 - 1) + 0 + (-10 - (-28 + 13))?
-11
-23 + (-11 - -45) + (-2 - -3)
12
-4 + -21 + 21 + 1 + 12
9
2 - (27 - (13 - 5) - (6 - -1))
-10
-43 + 41 - ((-4 - -2) + -3)
3
Calculate -39 + (5 - (-8 - -11)) - (1 - 6).
-32
Calculate 16 - -1 - (-296 - -324).
-11
Calculate (8 - 0) + (-193 - -186) - 24.
-23
Evaluate -6 + (40 - 34) + (-1 - -8) - 7.
0
Evaluate (-7 - (1 - 8 - -2)) + 67 + -82.
-17
What is the value of 45 - 26 - (13 - -15)?
-9
Evaluate -5 + -34 + -23 + 90.
28
20 + -13 - -32 - 6
33
Evaluate (-1306 - -1314) + (-2 + 2 - -1).
9
4 - 12 - (5 - (12 - 6) - -5)
-12
What is the value of 4 + -15 + (-33 - -35)?
-9
Evaluate 11 + -26 + (-4 - -4) + -10.
-25
What is the value of 41 - 24 - (11 + (3 - 8))?
11
What is the value of -11 + (-47 - -32 - -18)?
-8
Evaluate 4 - ((-25 - -2) + 8) - (8 - 3).
14
Evaluate -37 - (43 - (-37 - -143)).
26
What is the value of 2 - (3 + 0 - 2 - -6 - 0)?
-5
What is the value of (25 - 52) + 56 - 37?
-8
Calculate 19 + -41 + 27 + 8.
13
6 - (10 - 4 - 1)
1
Calculate -62 + 35 + (-16 - -15).
-28
(-6 - -12) + (-7 - -6) + -11
-6
Calculate -6 + -15 + -10 + 14 + (9 - 2).
-10
(1 - 9) + (-17 + 5 - 6 - -14)
-12
Calculate 9 + -32 + 29 + -1 + 9.
14
Evaluate 30 + (7 + -8 - 5) + -7.
17
What is the value of 22 + -13 + -4 + (0 - -5)?
10
What is the value of (1524 - 1520) + (0 + 0 + 0 - 6)?
-2
0 - (-23 + 10) - 18 - (1 - 13)
7
What is the value of (24 + -16 - 2) + (-1 - -7) - -10?
22
Calculate 21 - 0 - (-25 - (23 + -48)).
21
Calculate 0 + 12 + -1 + -103 + 52 + 75.
35
Evaluate 746 - 731 - (34 + -1).
-18
9 - (9 + (3 - 9) + 1)
5
What is 0 + -20 + 30 - 26?
-16
What is 15 - (27 + (14 - 27))?
1
Evaluate -6 - (-2 - -7 - 3) - (1 - -2).
-11
Evaluate -35 + -9 + 26 + 32.
14
What is -3 - (9 + 4 + -4 + (-2 - -4))?
-14
What is (-12 - -5) + 9 - 15?
-13
-2 + 4 - -4 - ((14 - 12) + 2)
2
What is the value of 21 + (2 - ((6 + -12 - -8) + 6))?
15
Evaluate 4 + 3 + 24 + -44 + 40.
27
Evaluate 6 + (-34 - -37) + (-1 - 0).
8
What is the value of (-1 - -7) + (4 - -6) + (-13 - -6)?
9
What is 5 + -13 + 26 - 6?
12
What is the value of -20 + 30 + -22 - -7?
-5
-4 + (3 + -1 - -8 - 1) - -3
8
Evaluate 1 + (14 - 9) + 1 + -7 - -14.
14
Calculate 19 + -19 + -12 - -18.
6
What is -2 + -5 + (7 - 5 - 6) + 4?
-7
What is the value of (1 - 6 - 0 - (-1 + 15)) + 4?
-15
-4 + -4 + 6 - 4 - 1
-7
What is the value of -29 + (7 + -5 - 9) + -8 + 16?
-28
What is the value of 5 + (5 - -8) + -10 - 16?
-8
What is (-18 - -13) + 14 + 4?
13
Evaluate -10 + (-1 - 5) + 26 + 0.
10
What is (-37 - 15 - -33) + 2?
-17
What is -6 + -1 + (-56 - -67) + (-1 - 14)?
-11
What is the value of -13 + 15 + -9 + -6 + 2?
-11
What is -9 - -3 - (-11 - -47 - 25)?
-17
What is (-22 - -16) + (-4 - 1 - -2 - -3)?
-6
Calculate 15 - 3 - -5 - 12.
5
Calculate (-1 - ((-13 - -7) + -4)) + 0 + -7.
2
What is 3 - (-19 - (-20 - 17))?
-15
-19 + -13 + 16 + -4 + 14
-6
-7 + 3 + -13 + (21 - (7 + -14))
11
Calculate (35 - 42) + -19 + 24.
-2
What is the value of 7 + 10 + (-2 - 8) + -7?
0
What is -24 + 4 + (2 - 3)?
-21
Calculate 21 + -11 + -11 + (-1 - (6 - 2)).
-6
Evaluate 3 + (6 + (-6 - 1) + 18 - 4).
16
Calculate 512 + -518 + (2 - 32).
-36
(-72 - -64) + (4 + 1 - (0 + -2))
-1
Calculate -7 - (-3 + (-2 - -6)) - -5 - 13.
-16
What is -3 - 10 - (-120 - -93)?
14
What is the value of -4 + 2 + 6 - (-362 + 368)?
-2
What is the value of -7 + (15 - 9) + -3?
-4
Evaluate -3 - (9 - 6) - -4 - -9.
7
What is the value of -2 - (-8 + 3) - (5 + -1)?
-1
What is -44 + (25 - 14 - -12)?
-21
What is (18 + -5 - 22) + 11?
2
Evaluate 4 - (15 + -16 - 13).
18
What is 27 + (-9 - 15) + -25?
-22
88 - 106 - (-9 + 0)
-9
Evaluate -19 + 14 + 20 + 4 + 0 + -2.
17
What is the value of -31 - (6 - 21 - -23 - 14)?
-25
What is the value of 6 - 12 - (0 - (2 + 5 - 6))?
-5
Evaluate 13 - (60 + -68 - (2 - 15)).
8
What is the value of 10 + (4 - (10 + 5)) + 7?
6
-2 - -3 - (-203 - -202)
2
What is (-24 - 1) + (25 - -14 - 52)?
-38
What is the value of (0 - (-5 + 2)) + (-37 - (-11 + -3))?
-20
Evaluate -9 - -30 - 11 - 7.
3
Calculate -1 - 0 - (27 + -39).
11
What is the value of 1 - (-5 - (-17 + 5))?
-6
6 - (-8 - -2 - -6 - -6)
0
What is -11 + (2 - 2 - 1) + 1?
-11
Evaluate (0 - 15) + -16 + -2 - -4.
-29
Evaluate (-10 + 7 - (-3 + 7)) + -4.
-11
What is (-11 - 2 - -3) + 124 + -105 + 11?
20
(4 + 0 - 0) + 3 + 15 + -9
13
Calculate 5 + (-2 - 5) - -1 - -8.
7
-3 - (-37 + 40 - (11 - 1))
4
Evaluate (-14 - -23 - 42) + 26.
-7
What is 16 - (-4 + -1) - 3 - (-4 - -7)?
15
What is 7 - 2 - (-1 - -4 - (55 - 54))?
3
Evaluate -1 + 8 - (-755 + 767).
-5
What is the value of -24 + 5 + 2 + 20?
3
Evaluate 6 - ((47 + -42 - (2 + 1)) + 3).
1
What is 21 + -7 + -3 - 26?
-15
-26 + 39 + 16 - 41
-12
What is 1 - (5 - (22 - (-9 + 16)))?
11
What is the value of (20 - 13) + (12 - 4)?
15
Calculate (-3 + -1 - 8) + 10.
-2
Calculate 5 + (0 - 25 - -20).
0
Calculate -18 - -7 - (-7 + -18 + 5 + 0).
9
What is the value of -35 - -1 - -68 - 31?
3
Calculate -7 + 4 + 7 + 7 + (-1 - 3).
7
Calculate 22 + (-3 - 9) + -22 + 2 + 1.
-9
Evaluate 23 + -24 + (16 - -3) + -10.
8
What is -1 + 2 + 4 + 1 + -9 - 27?
-30
Evaluate 41 - (69 + -26 - -19).
-21
Calculate (4 - -1) + -1 - -7.
11
What is the value of 2249 + -2280 + (4 - 0)?
-27
Calculate 10 + (-12 + 3 - (-19 + 13)).
7
Evaluate 10 - (34 + -17) - (-10 - -1).
2
Calculate (-7 - (7 - (13 + -3))) + 5.
1
-33 + 14 + -20 + 56
17
Calculate 1 - -2 - -5 - ((-23 - -50) + -8).
-11
What is the value of -41 + (-17 - (-42 - 16))?
0
Calculate 1 + -3 - ((-10 - -8) + -1).
1
What is (9 - (5 - (0 + -4))) + -1 + -2?
-3
What is the value of -21 + (34 - (-8 + 24))?
-3
Calculate 16 + (-19 - 0) - -8.
5
Calculate (-35 - (5 + -13) - 6) + 11.
-22
Calculate 13 - (-7 - (-8 - 4 - -17)).
25
-5 + -2 + 10 + -2 + -8 + 7
0
-3 - ((-13 - -25) + -14)
-1
8 + 0 + 8 + -24 - -21
13
4 - ((-3 - 2) + -4)
13
Calculate 7 + (-12 - -8) + -5 + (-14 - -20).
4
What is -10 - (-14 + 10 + 3 - 14 - 1)?
6
(-1 - (29 + -27)) + 24
21
What is the value of 38 + -42 - (-13 + -4)?
13
Evaluate 8 + 11 + 12 - 32.
-1
Calculate 3 - (0 - (4 + -7)) - (13 + -18).
5
-121 + 110 + (-2 - -20) + -1 + -2
4
0 - 1 - -2 - (1 + -11 + 16)
-5
1 + -11 - (67 - 73)
-4
What is -32 + -12 + 18 + 16?
-10
Calculate 29 - (-2 + 9 + -6).
28
(-6 - ((0 - (2 - -2)) + -10)) + -1
7
Evaluate -4 + (11 - (-6 - -17)) + (-2 - -12).
6
What is 4 + -51 + 23 + 23?
-1
-8 + 11 - -12 - (-3 + 1 + 2)
15
Calculate -2 + -2 + (-6 + 9 - (-1 - 1)).
1
What is the value of (12 - 2) + (63 - 55) - -10?
28
Evaluate -306 + 266 + -2 + 6 + 4 + -1.
-33
Calculate -9 + (-63 - (7 + -44)).
-35
Calculate 0 + -2 + (16 + -2 + -28 - -16).
0
17 + -20 + 31 - (12 - 1)
17
Calculate (0 - (12 + 19)) + 18.
-13
(-1 - -2) + -12 + 3 + 47 + -44
-5
-28 - ((-5 + -3 - -5) + -43 + 50)
-32
What is 9 + -7 + 8 + -3?
7
Calculate -101 + 89 - (1 + 0).
-13
Evaluate (-20 + 10 - -20) + (-9 - -3).
4
Evaluate 4 + -10 + 6 - (-5 + 6).
-1
-1 + (-11 - -9) + 3 - 7
-7
What is (18 - 2) + 28 + -30?
14
What is the value of (54 - 60) + 1 + (0 + -3 - -1)?
-7
W